s u(8) prime?
False
Suppose 2*n - 5*n - 179526 = -3*r, -3*n = -4*r + 239365. Is r a prime number?
False
Suppose -11*d + 7*d = -40. Let x(m) = 993*m + 47. Is x(d) prime?
False
Suppose 13*h = 27894 + 42145 + 337888. Is h a prime number?
True
Suppose -429*f - 89 = -430*f. Let u = 231 - f. Is u a prime number?
False
Is (0 - 3062330/(-6)) + (-26)/(-39) a prime number?
False
Is 44/10 - 3/(-5) - (-26246088)/66 prime?
True
Is (468008/12)/(((-2)/(-2))/(117/78)) prime?
False
Suppose -5*c + 2019 = -1111. Let r be (c/3)/(4/(-6)). Let g = 244 - r. Is g prime?
True
Suppose 4*a + 5*q = 29468, q - 33867 - 2989 = -5*a. Let x = a - 4373. Is x a composite number?
False
Is -7 + 150977 + 19 + -6 prime?
False
Let a(f) = -4*f**3 - 3*f**2 - 1. Let d be a(-2). Is 16/2 + d + 587 prime?
False
Let y = 2642 + -1357. Let b = 8798 - y. Is b a composite number?
True
Suppose 360467 = 5*l - 5*m + 14807, -5*m + 345670 = 5*l. Is l prime?
False
Is 2167335/(-24)*2/(-5)*4 prime?
False
Let m(u) = -31*u**3 - 4*u**2 - 17*u - 35. Let s(h) = -63*h**3 - 9*h**2 - 35*h - 71. Let n(g) = 13*m(g) - 6*s(g). Is n(-6) prime?
False
Let z(u) = 100 + 8*u**2 + 430*u - 4 + 7*u**3 - 458*u. Is z(5) a prime number?
True
Let o = -8 + 12. Suppose o*b - 20 = 0, -4*c - 3*b + 24 = -c. Is c/12 - 2844/(-16) a prime number?
False
Let j(p) = -1576*p + 1. Let s(d) = -315*d. Let t(h) = 2*j(h) - 11*s(h). Let o be ((-36)/(-48))/(2/24). Is t(o) composite?
False
Let n = 820192 - 435999. Is n composite?
False
Suppose 41*c + 4*b + 17 = 42*c, 2*c = -3*b - 10. Is 1/(((-4)/(-34628))/c) prime?
False
Let j(d) = 4*d**2 - 1641*d**3 + d + 1616*d**3 - 4*d**2 - 2*d**2 - 5. Is j(-5) composite?
True
Let j be 0/((12/15)/((-4)/(-10))). Suppose j*z + 96 = -6*z. Is z/(-120) - 163/(-15) a prime number?
True
Suppose -2*o - 4 + 0 = 0. Suppose -2*q - 3*t - 11369 = 0, 3*q - 3*t + 17060 = -t. Is (5 - q)*o/(-6) a prime number?
False
Let k(i) = 11661*i - 469. Is k(2) composite?
False
Let y be 0 + 42/(-112) + 11946/(-16). Is (y - (-3 + 3))*(-10)/30 a composite number?
True
Let i(p) be the second derivative of 29*p**5/120 - 25*p**4/24 - 4*p**3/3 + 3*p. Let w(t) be the second derivative of i(t). Is w(6) composite?
False
Suppose 0 = 5*c - 15*c + 360. Suppose -c*w + 326 = -34*w. Is w a composite number?
False
Let h(w) = -w + 5. Let k be h(3). Let f be -330*-1*k*20. Is f/45 - 1/3 a composite number?
False
Suppose 5 = -2*o + 15. Suppose -959 = -o*a - 244. Suppose 0 = -3*d + a - 2. Is d a composite number?
False
Let m = -62 - -67. Let g be m/2*(-96)/(-40). Suppose g*l = 1350 + 492. Is l prime?
True
Suppose 104*t - 45*t + 79*t - 6936018 = 0. Is t prime?
True
Let q = 65051 + -33472. Is q composite?
True
Suppose -392094 = -13*c - 14*c. Suppose 2*l - c + 3875 = -q, -2*q - 2*l = -21290. Is q composite?
True
Let f(z) = z**3 + 11*z**2 + 18*z + 22. Let c be f(-9). Let t be (-1)/(1/2) + (-2137 - c). Let m = 3692 + t. Is m composite?
False
Let a(c) = 6*c**3 + c**2 - 1. Let b be a(1). Let h(y) = 3*y**2 + 4*y - 11 + 2*y**2 + b*y**2 - 5*y**2. Is h(-5) composite?
True
Suppose 3*d - 3 = 3*o, -6*d + 4*d - 4*o - 22 = 0. Is (-741741)/(-77) - (-1 - d/(-1)) a prime number?
False
Suppose 6*v = 31 + 323. Let k = -64 + v. Is 1 - 7350/(k - 0) prime?
True
Let r be 2459/((5 + -8)/(-132)). Suppose 4*b - r = -h, 3*h - 8*h = b - 27049. Is b composite?
True
Suppose 21 - 19 = 2*o. Let y be (-1 + 1)/o*-1. Let q(u) = u**2 + 223. Is q(y) prime?
True
Let z(b) = -27081*b + 38. Is z(-1) a prime number?
False
Let h(k) = 5*k + 6. Let p be h(4). Let z be -1*9*(-1508)/p. Let u = 629 + z. Is u prime?
True
Suppose -4*r = 2*y + r - 2, 0 = -4*y - 2*r + 36. Let t be (-10 + y)/((-1)/31). Let f = 286 - t. Is f prime?
True
Let g be 45/18*(0 - -4106). Suppose 0 = -24*u + 29*u - g. Is u a composite number?
False
Suppose -5*d + 3*c + 2*c = -150, c = -1. Suppose z = 4*y + 13, 0*z - 2*z - 3*y = d. Let r = z + 774. Is r a prime number?
False
Suppose -5*c - 3 = -2*c. Let f be (-2 + 1 - c)/(0 - -2). Suppose f = 12*w - 9*w - 1371. Is w a prime number?
True
Let w = -15125 - -10177. Let z = 10417 + w. Is z composite?
True
Let f be 4/12 + (-17702)/6. Suppose 0 = 5*h + 4*u - 20668, -3*u - 12417 = -3*h - 0*u. Let i = h + f. Is i prime?
False
Suppose 2*l - z = 4*z + 1395, 0 = -3*z - 15. Suppose j - l = -3*d, 32 + 1318 = 2*j + d. Is j composite?
False
Let q be 7 - 5 - 3/(-3). Is 8284/q - (20/(-12))/(-5) prime?
False
Let o(b) = -b**2 - 3*b + 130. Let d be o(-13). Suppose 5*l = 3*l + 11422. Suppose -3*v + 5*g + l = d, -v + 6*v - 9529 = 3*g. Is v a composite number?
False
Let l(v) = 15*v + 2*v - 2*v - 8*v**3 - 8*v - 21 - 7*v**3. Is l(-8) a prime number?
True
Let m(y) = -3*y + 46. Let v(x) = -15*x - 5. Let b be v(-6). Let l = -104 + b. Is m(l) composite?
False
Suppose -x - 25 = -29. Suppose q - 3*o = x*q - 15711, -5*q + 26221 = -4*o. Is q composite?
True
Let j(x) = -3*x**2 - 12*x + 9. Let b be j(-5). Is (-10)/b + 1020004/138 prime?
True
Let k(t) = t**3 + 13*t**2 + 26*t - 14. Let o be k(-10). Is 2569/(-3)*(o + -29) composite?
True
Suppose -4*n = 3*x + 60, x - 60 = 4*n + 2*x. Let o(h) = -27*h**2 - 31*h**2 + 3*h - 6*h + 14 + 59*h**2 - 3*h. Is o(n) prime?
False
Let m(p) = 76*p**2 + 70*p + 1173. Is m(-26) composite?
True
Let t = -5234 + 9463. Is t composite?
False
Suppose -x + 207 = c - 343, -2*x - 3*c + 1095 = 0. Is ((-3453)/12)/(-4 - x/(-140)) a composite number?
True
Suppose 3*m + 174 = 804. Let x = 392 + m. Suppose x = z + 243. Is z composite?
False
Let o = 190 - 184. Suppose o*c - 2346 - 2472 = 0. Is c a prime number?
False
Suppose 0 = 5*i + c - 1620, 2*c - 12 = -2. Let l(f) = f**3 - 10*f**2 - 7*f + 12. Let n be l(9). Let o = i + n. Is o composite?
False
Is 2*((-367334)/12*-3 - 3) a composite number?
False
Let n(t) = 7*t - 57. Let g be n(8). Is -2 - (-3*352 - g)*3 a composite number?
False
Let q(v) = -v**3 + v**2 - 2*v + 11. Let o be q(0). Let u = o + 7. Is (-28)/(-6)*u/48*124 a composite number?
True
Suppose 2*a - 13 = -3. Suppose -v = -l + 16 - 6, -2*l + a = v. Suppose -i + l*p + 253 = 0, 4*i - 1385 = -i + p. Is i a composite number?
True
Let n = -48 - -52. Suppose -n*d + 1074 = -0*z + 2*z, z + 5*d = 531. Is z prime?
True
Let j be -1 + (-58)/(-6) + 14/42. Let y(a) = a**3 - 8*a**2 - 9*a + 7. Let b be y(j). Is b*((234 - -3) + 4) a composite number?
True
Suppose 0 = b - 6*b + 20. Suppose -4*s = b*s - 90640. Suppose -3*h + 3559 = -s. Is h prime?
False
Let y = 255 + -216. Suppose g = -40*w + y*w + 1385, 2*g - 2750 = 3*w. Is g a composite number?
False
Suppose -7*n = -151756 - 121531. Is n a prime number?
True
Let z be 1*(5 + 4)*-1909. Let n = 35818 + z. Is n a prime number?
True
Let f(g) = g**3 + 5*g**2 - 10*g - 10. Let t be f(-6). Is (-1)/(t/(-4)) - 272560/(-560) composite?
False
Let q = -17 - -29. Let o be (6 - 1) + -16 + q. Is o*1497*2/6 composite?
False
Let t(y) = -1535*y**3 + 2*y**2 + 251*y + 1307. Is t(-5) a composite number?
False
Suppose 3*i + 6*v + 20 = 4*v, 0 = 2*v - 4. Let l(h) be the first derivative of 6*h**3 + 5*h**2/2 + 11*h - 4. Is l(i) a composite number?
False
Let p = 104 + -102. Suppose k + 5*v - 19850 = 0, 0 = p*k + k + 2*v - 59511. Is k a prime number?
False
Suppose 0 = -3*z - 3, -m - 762 = 2*z - 2522. Let y = m + 595. Is y prime?
True
Let r be 2/(-3)*(-18)/12. Is (2 + r)*(-90)/(-54) - -3952 composite?
True
Let k(q) = 259*q + 227. Let y be k(-15). Let t = 9851 + y. Is t a prime number?
False
Suppose 223 = -y + 225. Suppose -5*f + 10*f - p = 21631, p = -y*f + 8658. Is f prime?
True
Let j = 547265 + -95538. Is j prime?
False
Let d(y) = y**2 + 327*y + 397273. Is d(0) a composite number?
True
Let z = 210 + -221. Let u(a) = -7*a**3 + 14*a**2 - 2*a - 2. Is u(z) prime?
False
Suppose 3*p + 3*k = k + 45412, -4*p = k - 60546. Let x = -10353 + p. Is x a composite number?
False
Let j(k) = 4*k + 4. Let u be j(-4). Let x be (5/((-30)/244))/(2/u). Let h = x + 297. Is h a prime number?
True
Let b be (22 + -19)*((-4)/(-6) + 0). Suppose m - b*m + 3802 = 5*d, 4*d + 11349 = 3*m. Is m prime?
False
Let p be -2*(-66 - -8)*(-66)/(-4). Let n = -1279 + p. Is n composite?
True
Let i(o) = -o**3 - 35*o**2 - 36*o - 77. Let a be i(-34). Let d(z) = 74*z**2 - 6*z - 67. Is d(a) a prime number?
True
Suppose 2*y + 4970 = -3*y - m, 0 = 2*y + 4*m + 1970. Let k(u) = u**2 + 35*u + 148. Let x be k(-5). Is (1/x*y)/((-9)/(-18)) prime?
Fal